{"id":114,"date":"2023-01-14T01:38:36","date_gmt":"2023-01-14T01:38:36","guid":{"rendered":"https:\/\/comercializadoramero.cl\/?page_id=114"},"modified":"2023-01-14T02:54:50","modified_gmt":"2023-01-14T02:54:50","slug":"representacion","status":"publish","type":"page","link":"https:\/\/comercializadoramero.cl\/?page_id=114","title":{"rendered":"Representaci\u00f3n"},"content":{"rendered":"\n<figure class=\"wp-block-image size-full is-resized\"><img loading=\"lazy\" decoding=\"async\" src=\"https:\/\/comercializadoramero.cl\/wp-content\/uploads\/2023\/01\/rep-1.jpg\" alt=\"\" class=\"wp-image-166\" width=\"579\" height=\"387\" srcset=\"https:\/\/comercializadoramero.cl\/wp-content\/uploads\/2023\/01\/rep-1.jpg 579w, https:\/\/comercializadoramero.cl\/wp-content\/uploads\/2023\/01\/rep-1-480x321.jpg 480w\" sizes=\"auto, (min-width: 0px) and (max-width: 480px) 480px, (min-width: 481px) 579px, 100vw\" \/><\/figure>\n\n\n\n<h3 class=\"wp-block-heading\">Sistema de comunicaci\u00f3n full duplex MSA Top-Gard\/TH2 bilsom thund<\/h3>\n\n\n\n<p>Mejora los tiempos de maniobra mediante una comunicaci\u00f3n directa e ininterrumpida incluso cuando no hay l\u00ednea vista.<\/p>\n\n\n\n<p>El sistema permite estar conectado con la mascara medio rostro puesta disminuyendo la exposici\u00f3n de la salud del trabajador .<\/p>\n\n\n\n<p>El equipo no vulnera las propiedades y certificaciones de los equipos de respiraci\u00f3n.<\/p>\n","protected":false},"excerpt":{"rendered":"<p>Sistema de comunicaci\u00f3n full duplex MSA Top-Gard\/TH2 bilsom thund Mejora los tiempos de maniobra mediante una comunicaci\u00f3n directa e ininterrumpida incluso cuando no hay l\u00ednea vista. El sistema permite estar conectado con la mascara medio rostro puesta disminuyendo la exposici\u00f3n de la salud del trabajador . El equipo no vulnera las propiedades y certificaciones de [&hellip;]<\/p>\n","protected":false},"author":1,"featured_media":0,"parent":0,"menu_order":0,"comment_status":"closed","ping_status":"closed","template":"","meta":{"_et_pb_use_builder":"off","_et_pb_old_content":"","_et_gb_content_width":"","footnotes":""},"class_list":["post-114","page","type-page","status-publish","hentry"],"_links":{"self":[{"href":"https:\/\/comercializadoramero.cl\/index.php?rest_route=\/wp\/v2\/pages\/114","targetHints":{"allow":["GET"]}}],"collection":[{"href":"https:\/\/comercializadoramero.cl\/index.php?rest_route=\/wp\/v2\/pages"}],"about":[{"href":"https:\/\/comercializadoramero.cl\/index.php?rest_route=\/wp\/v2\/types\/page"}],"author":[{"embeddable":true,"href":"https:\/\/comercializadoramero.cl\/index.php?rest_route=\/wp\/v2\/users\/1"}],"replies":[{"embeddable":true,"href":"https:\/\/comercializadoramero.cl\/index.php?rest_route=%2Fwp%2Fv2%2Fcomments&post=114"}],"version-history":[{"count":2,"href":"https:\/\/comercializadoramero.cl\/index.php?rest_route=\/wp\/v2\/pages\/114\/revisions"}],"predecessor-version":[{"id":168,"href":"https:\/\/comercializadoramero.cl\/index.php?rest_route=\/wp\/v2\/pages\/114\/revisions\/168"}],"wp:attachment":[{"href":"https:\/\/comercializadoramero.cl\/index.php?rest_route=%2Fwp%2Fv2%2Fmedia&parent=114"}],"curies":[{"name":"wp","href":"https:\/\/api.w.org\/{rel}","templated":true}]}}